
Is 260506 a prime number?
False
Is 118821 a composite number?
True
Is 300769 a composite number?
True
Is 3793 a prime number?
True
Is 6805 composite?
True
Is 40693 a composite number?
False
Is 583238 a composite number?
True
Is 10799 composite?
False
Is 283391 a composite number?
True
Is 696907 a composite number?
False
Is 30737 prime?
False
Is 219721 prime?
True
Is 341837 a prime number?
False
Is 273029 prime?
True
Is 46777 prime?
False
Is 6061597 prime?
True
Is 70271 prime?
True
Is 4703 prime?
True
Is 1357 a prime number?
False
Is 145835 a composite number?
True
Is 160441 a composite number?
False
Is 585757 composite?
False
Is 904795 composite?
True
Is 37273 prime?
True
Is 10909 composite?
False
Is 5923 a composite number?
False
Is 432223 a prime number?
False
Is 1022987 a composite number?
True
Is 94283 composite?
True
Is 636253 prime?
False
Is 1081 prime?
False
Is 345379 a composite number?
False
Is 649897 prime?
True
Is 5892089 composite?
True
Is 309719 a prime number?
False
Is 462221 a prime number?
True
Is 41061 a composite number?
True
Is 19165 a composite number?
True
Is 543301 prime?
False
Is 570569 composite?
False
Is 479 a composite number?
False
Is 344039 composite?
False
Is 194663 prime?
False
Is 3943 composite?
False
Is 50821 a prime number?
True
Is 3433 a prime number?
True
Is 55103 composite?
False
Is 88271 prime?
False
Is 17998 composite?
True
Is 498335 composite?
True
Is 93131 a prime number?
True
Is 2531 prime?
True
Is 1174229 a composite number?
True
Is 144553 a composite number?
True
Is 74351 a composite number?
True
Is 17378 a composite number?
True
Is 181693 a prime number?
True
Is 99947 a prime number?
False
Is 10729 composite?
False
Is 10969 a composite number?
True
Is 199021 prime?
True
Is 16603 composite?
False
Is 1863341 composite?
True
Is 74071 a composite number?
False
Is 241169 prime?
True
Is 2813 a composite number?
True
Is 6313 prime?
False
Is 471265 prime?
False
Is 3431 composite?
True
Is 4091 prime?
True
Is 98863 prime?
False
Is 179801 a prime number?
True
Is 17999 a prime number?
False
Is 38963 a composite number?
True
Is 278413 a composite number?
False
Is 73433 a composite number?
False
Is 132043 composite?
True
Is 1399 composite?
False
Is 6415 composite?
True
Is 20409 composite?
True
Is 18589 composite?
True
Is 41731 a composite number?
True
Is 90599 composite?
False
Is 145234 a composite number?
True
Is 198571 a prime number?
True
Is 70559 composite?
True
Is 2209313 a composite number?
False
Is 19121 prime?
True
Is 1797 composite?
True
Is 2814353 prime?
False
Is 23929 composite?
False
Is 833399 a prime number?
False
Is 839189 a composite number?
True
Is 853357 a composite number?
False
Is 260137 a composite number?
False
Is 153059 a prime number?
True
Is 26219 a composite number?
True
Is 575777 prime?
True
Is 79957 a prime number?
False
Is 8369 composite?
False
Is 57335 prime?
False
Is 86753 a composite number?
False
Is 115589 a composite number?
False
Is 138962 a prime number?
False
Is 4741 a composite number?
True
Is 176299 a composite number?
False
Is 415469 prime?
True
Is 18923 composite?
True
Is 269894 prime?
False
Is 28163 composite?
False
Is 17971 prime?
True
Is 2780813 composite?
True
Is 1543 a prime number?
True
Is 66273 a composite number?
True
Is 1601335 a composite number?
True
Is 17011 composite?
False
Is 50119 a composite number?
False
Is 15074 prime?
False
Is 461585 prime?
False
Is 121181 a prime number?
True
Is 32899 prime?
False
Is 1325429 composite?
True
Is 337237 a composite number?
True
Is 10307 prime?
False
Is 2074197 a composite number?
True
Is 791077 a composite number?
True
Is 11597 a composite number?
False
Is 313169 prime?
False
Is 571729 a prime number?
False
Is 52361 composite?
False
Is 16499 prime?
False
Is 374287 prime?
True
Is 169909 composite?
False
Is 139031 prime?
False
Is 45259 composite?
False
Is 20063 prime?
True
Is 1178679 a prime number?
False
Is 13217 a prime number?
True
Is 29167 prime?
True
Is 1195501 composite?
False
Is 5497 a composite number?
True
Is 1618 composite?
True
Is 46203 prime?
False
Is 1313 a prime number?
False
Is 24031 prime?
False
Is 1537 a prime number?
False
Is 101771 composite?
False
Is 14281 a composite number?
False
Is 38219 a composite number?
False
Is 1083031 composite?
False
Is 1435849 composite?
True
Is 331801 prime?
True
Is 4237 a composite number?
True
Is 196111 a composite number?
False
Is 1084513 composite?
True
Is 639655 prime?
False
Is 104129 prime?
False
Is 57221 composite?
False
Is 114233 composite?
True
Is 2651453 prime?
False
Is 506861 a prime number?
True
Is 407783 a prime number?
True
Is 135449 a composite number?
False
Is 9799 a composite number?
True
Is 83089 a composite number?
False
Is 1086557 prime?
True
Is 277373 prime?
True
Is 65441 a prime number?
False
Is 563 a composite number?
False
Is 858563 a composite number?
False
Is 69181 composite?
True
Is 48157 a composite number?
False
Is 38261 composite?
False
Is 17483 a composite number?
False
Is 228877 composite?
True
Is 1252799 a composite number?
False
Is 8482 a composite number?
True
Is 3017 a composite number?
True
Is 6769 composite?
True
Is 44351 prime?
True
Is 36133 prime?
False
Is 194965 prime?
False
Is 68351 a prime number?
True
Is 15757 a composite number?
True
Is 6173 a prime number?
True
Is 2620711 a composite number?
True
Is 4538197 prime?
True
Is 1396833 a composite number?
True
Is 156235 a composite number?
True
Is 136573 prime?
True
Is 309359 composite?
False
Is 7853 composite?
False
Is 195863 a composite number?
False
Is 15131 a composite number?
False
Is 1676417 a prime number?
True
Is 4119 a prime number?
False
Is 89363 a prime number?
True
Is 99347 a prime number?
True
Is 2459 a prime number?
True
Is 67801 a composite number?
False
Is 7619 a composite number?
True
Is 926 composite?
True
Is 2771 a prime number?
False
Is 2495947 a composite number?
False
Is 2399 prime?
True
Is 11069 prime?
True
Is 21171 a composite number?
True
Is 21313 a composite number?
False
Is 51353 a prime number?
False
Is 221797 a prime number?
True
Is 293071 composite?
False
Is 4600835 composite?
True
Is 101687 composite?
True
Is 11734 prime?
False
Is 1591 composite?
True
Is 1673 a prime number?
False
Is 31741 a prime number?
True
Is 209487 composite?
True
Is 9733 a composite number?
False
Is 36373 prime?
True
Is 191 composite?
False
Is 28687 prime?
True
Is 177977 prime?
False
Is 24593 a prime number?
True
Is 524357 prime?
False
Is 18385 prime?
False
Is 115679 composite?
False
Is 38371 a prime number?
True
Is 223361 a prime number?
True
Is 147473 a composite number?
True
Is 716017 composite?
True
Is 433033 prime?
True
Is 192407 prime?
True
Is 187861 a prime number?
True
Is 90731 a composite number?
False
Is 13549 prime?
False
Is 1177 a composite number?
True
Is 8977 a prime number?
False
Is 413481 a composite number?
True
Is 6047 composite?
False
Is 74017 a composite number?
False
Is 929429 a composite number?
True
Is 3826 a prime number?
False
Is 28453 composite?
True
Is 63637 a prime number?
False
Is 9235 a prime number?
False
Is 12301 composite?
False
Is 251 a prime number?
True
Is 3103 prime?
False
Is 492377 composite?
False
Is 27127 a prime number?
True
Is 136979 a prime number?
True
Is 37841 a prime number?
False
Is 191067 a prime number?
False
Is 164503 prime?
True
Is 1968649 a composite number?
True
Is 5378 a prime number?
False
Is 28349 prime?
True
Is 8707 a composite number?
False
Is 713 a composite number?
True
Is 2059 a prime number?
False
Is 1965859 a composite number?
True
Is 5447 a prime number?
False
Is 10487 composite?
False
Is 3593 a composite number?
False
Is 228181 composite?
False
Is 52147 prime?
True
Is 35057 prime?
False
Is 3881 a prime number?
True
Is 3979 a composite number?
True
Is 294835 composite?
True
Is 572219 prime?
False
Is 412105 a prime number?
False
Is 4327 prime?
True
Is 7319 composite?
True
Is 223207 composite?
False
Is 1360263 composite?
True
Is 31294 prime?
False
Is 331 composite?
False
Is 8882 composite?
True
Is 191087 composite?
True
Is 87463 composite?
True
Is 6533 a composite number?
True
Is 9707 a composite number?
True
Is 165917 a composite number?
True
Is 8419 composite?
False
Is 297989 composite?
False
Is 448039 prime?
False
Is